32
In base 14, what is -1bdd + -4?
-1c03
In base 4, what is -10 - -331?
321
In base 8, what is 0 + -4265?
-4265
In base 9, what is -5 - 150?
-155
In base 6, what is -334 + 1?
-333
In base 6, what is -10131 - -4?
-10123
In base 13, what is 15 + 98?
b0
In base 15, what is 2ed3 + -1?
2ed2
In base 2, what is -10 - -10100000?
10011110
In base 5, what is -2441 + 1?
-2440
In base 10, what is -1047 + 26?
-1021
In base 14, what is -3d - a?
-49
In base 9, what is -3 - -12?
8
In base 6, what is -1105 + -5?
-1114
In base 12, what is -28 - -5?
-23
In base 15, what is cb + -2?
c9
In base 3, what is 11 - 11000?
-10212
In base 14, what is -20 + 0?
-20
In base 6, what is 0 + -511?
-511
In base 13, what is 2 + 35?
37
In base 12, what is 2 + -5?
-3
In base 14, what is -1b67 + 5?
-1b62
In base 15, what is 1 + 16?
17
In base 2, what is -11 + -110101110010?
-110101110101
In base 6, what is 3 - -2145?
2152
In base 12, what is -27 + 2?
-25
In base 6, what is 340 + 12?
352
In base 4, what is 1 - 111?
-110
In base 3, what is 11 + 1210?
1221
In base 14, what is -785 - -2?
-783
In base 10, what is -30 - 458?
-488
In base 4, what is 2 - -33?
101
In base 5, what is 1 + -11404?
-11403
In base 14, what is -5 + -818?
-81d
In base 13, what is -4 - 99?
-a0
In base 8, what is -2 + 50?
46
In base 12, what is 3 + 24?
27
In base 13, what is 1705 + 5?
170a
In base 3, what is -1121 + -12?
-1210
In base 2, what is -10010011 - -1?
-10010010
In base 7, what is -1066 - 1?
-1100
In base 6, what is -10 - -400?
350
In base 3, what is -22102021 + -12?
-22102110
In base 4, what is -103 + 31?
-12
In base 6, what is -114 + -3?
-121
In base 2, what is -1001 - 10110001101?
-10110010110
In base 3, what is -10 + -2111?
-2121
In base 7, what is -3 - 406?
-412
In base 4, what is -11 + -233331?
-300002
In base 13, what is b - 14?
-6
In base 3, what is -122211 - -101?
-122110
In base 5, what is -224 - 1?
-230
In base 13, what is 6 - -173?
179
In base 9, what is -1 - 5107?
-5108
In base 15, what is -1 + 20?
1e
In base 12, what is 0 - 88a?
-88a
In base 5, what is -4 - -42?
33
In base 9, what is 41 + 266?
317
In base 9, what is 3 + 345?
348
In base 5, what is -32 - 1?
-33
In base 3, what is -1020 + 10?
-1010
In base 11, what is -4 - 144?
-148
In base 9, what is -121 + -3?
-124
In base 15, what is 11 - 2da?
-2c9
In base 6, what is -2 + 33?
31
In base 11, what is a - a?
0
In base 6, what is -22350 + 5?
-22341
In base 12, what is -32 - -2a?
-4
In base 8, what is -2 + 3030?
3026
In base 5, what is -3 + 24?
21
In base 9, what is 4 + 567?
572
In base 2, what is 101 - 10010?
-1101
In base 14, what is 27da - 2?
27d8
In base 5, what is 3 + -201?
-143
In base 15, what is 4 + -ce?
-ca
In base 2, what is -111 - 110111?
-111110
In base 11, what is -12 - -17?
5
In base 14, what is -1b6 - -23?
-193
In base 7, what is 10 - 1420?
-1410
In base 9, what is 1 - -6778?
6780
In base 11, what is -11a + -16?
-135
In base 5, what is -1113 + 21?
-1042
In base 11, what is -3 - -401?
3a9
In base 15, what is 37d - 3?
37a
In base 11, what is -71 + -2?
-73
In base 10, what is -8 - -10?
2
In base 15, what is 0 - c1?
-c1
In base 10, what is -219 + -6?
-225
In base 15, what is 4 + -123?
-11e
In base 9, what is 1 - -457?
458
In base 6, what is 0 - 102?
-102
In base 3, what is -10 + -1012112?
-1012122
In base 10, what is 4266 + 5?
4271
In base 6, what is -223 - 31?
-254
In base 15, what is 1495 + -4?
1491
In base 7, what is 4354 + 2?
4356
In base 4, what is 232201 - 2?
232133
In base 4, what is -33320 - 21?
-100001
In base 2, what is 100 - -10101011?
10101111
In base 6, what is 1402 + 4?
1410
In base 15, what is 4 + 5d?
62
In base 4, what is -120 - -2?
-112
In base 10, what is 457 - -5?
462
In base 11, what is 1 + -2580?
-257a
In base 5, what is 3 + -12?
-4
In base 10, what is 15 + 144?
159
In base 2, what is -100 - -11111?
11011
In base 12, what is 1 + -13b?
-13a
In base 16, what is -d - 17?
-24
In base 15, what is a - 9b?
-91
In base 10, what is 4 + 61?
65
In base 3, what is -1 + -111221?
-111222
In base 3, what is -21122 - 2?
-21201
In base 13, what is 24 - -297?
2bb
In base 14, what is 0 - -2d?
2d
In base 11, what is 407 + 12?
419
In base 3, what is 12 + -11210022?
-11210010
In base 15, what is -7 - 19?
-21
In base 13, what is 251 - 4?
24a
In base 10, what is 5 + -256?
-251
In base 13, what is 57 - -33?
8a
In base 10, what is 901 - -1?
902
In base 3, what is 12 + 210212?
211001
In base 10, what is -471 + -4?
-475
In base 13, what is 5 + -68?
-63
In base 16, what is 7 + -367?
-360
In base 13, what is 27 + 41?
68
In base 8, what is 0 + 523?
523
In base 8, what is -43 - -27?
-14
In base 4, what is -1000 + 111?
-223
In base 10, what is 2 + 41?
43
In base 12, what is 23 - 0?
23
In base 6, what is -32 + -13?
-45
In base 12, what is -4 + 68?
64
In base 16, what is 159 + -5?
154
In base 15, what is -158 - -7?
-151
In base 15, what is -18 - 10?
-28
In base 4, what is -210201 - -2?
-210133
In base 6, what is 0 - 15200?
-15200
In base 14, what is -b - 27?
-34
In base 15, what is -b + -39?
-45
In base 12, what is 2 + 90?
92
In base 15, what is -161 + -1?
-162
In base 14, what is -3d8 + 2?
-3d6
In base 13, what is 6 - 2b?
-25
In base 5, what is -10114 + 12?
-10102
In base 7, what is -1 - -1561?
1560
In base 3, what is 1010 + 210122?
211202
In base 16, what is 68 + -3?
65
In base 9, what is 5 - 36?
-31
In base 8, what is 51 + 147?
220
In base 8, what is -1070 + -6?
-1076
In base 4, what is 220203 + 10?
220213
In base 14, what is 4 + 11?
15
In base 12, what is 2037 - -1?
2038
In base 4, what is 2001 - 3?
1332
In base 9, what is -2 - -4346?
4344
In base 5, what is 1401 - 3?
1343
In base 10, what is -487 - -4?
-483
In base 16, what is -180 + 3?
-17d
In base 8, what is 5 + 2?
7
In base 12, what is -340 - 3?
-343
In base 16, what is 6 - f?
-9
In base 6, what is 232 - 25?
203
In base 16, what is 1 + fc?
fd
In base 16, what is -1 + 1?
0
In base 4, what is 21 - 11123?
-11102
In base 3, what is 211100 + -121?
210202
In base 5, what is -12 - -32?
20
In base 7, what is 6324 + 1?
6325
In base 16, what is -6e - 7?
-75
In base 7, what is -5 + -30?
-35
In base 5, what is -1424 - 3?
-1432
In base 16, what is 2 + 29?
2b
In base 11, what is 55 + -8?
48
In base 8, what is 6 - -163?
171
In base 12, what is 0 - 560?
-560
In base 5, what is -4034 + -3?
-4042
In base 9, what is 407 + 7?
415
In base 12, what is 6 + 63?
69
In base 15, what is -b + 14?
8
In base 5, what is 113 - 1?
112
In base 4, what is -21 + -1002?
-1023
In base 12, what is -4 - -20?
18
In base 10, what is -211 + 21?
-190
In base 8, what is -56042 - -1?
-56041
In base 4, what is -13303 - 11?
-13320
In base 14, what is -212 + 3?
-20d
In base 3, what is -1100 - -2?
-1021
In base 13, what is 5 + 192?
197
In base 3, what is 2010 - 200?
1110
In base 3, what is 11022 + -110?
10212
In base 2, what is 1110001 - -10011?
10000100
In base 12, what is -109 - -2?
-107
In base 11, what is -2428 - -4?
-2424
In base 10, what is -12615 - -3?
-12612
In base 12, what is 5 + 428?
431
In base 7, what is 14 - 13?
1
In base 3, what is 0 + -100002222?
-100002222
In base 4, what is 132123 + 2?
132131
In base 2, what is 111110 + 11?
1000001
In base 14, what is -b + -14?
-21
In base 9, what is 50 + -20?
30
In base 5, what is 40340 - -10?
40400
In base 13, what is 0 + -214c?
-214c
In base 13, what is 3 + 39?
3c
In base 10, what is 488 - -3?
491
In base 2, what is 1100010010 + 11?
1100010101
In base 13, what is -3 + 275a?
2757
In base 6, what is 42213 - -1?
42214
In base 3, what is -12120021 + 1?
-12120020
In base 5, what is -1 - 304?
-310
In base 13, what is 2 + -324?
-322
In base 9, what is 8 + 13?
22
In base 12, what is 2 - -5b8?
5ba
In base 13, what is -ab - 4?
-b2
In base 3, what is 221022 + 1?
221100
In base 6, what is -10 - -30?
20
In base 8, what is -4 + -600?
-604
In base 7, what is 3 + -16?
-13
In base 5, what is 213 + 24?
242
In base 10, what is 8 - 216?
-208
In base 16, what is 9e - -9?
a7
In base 7, what is 55 - -1014?
1102
In base 6, what is 4 + -11?
-3
In base 5, what is -112 - -301?
134
In base 10, what is 1 - 223?
-222
In base 14, what is 2 + -430?
-42c
In base 4, what is 31030 - -2?
31032
In base 15, what is 516 - -5?
51b
In base 16, what is -5c - 1c?
-78
In base 8, what is 64 - -426?
512
In base 6, what is -2310